
-65
Let f(q) = -q**2 - 1666*q - 494104. Determine f(-386).
-24
Let i(p) = 2*p**3 + 366*p**2 + 733*p + 259. Calculate i(-181).
-1370
Let a(h) = -11*h**2 + 1303*h + 795. Give a(119).
81
Let l(v) = -2*v**3 - 95*v**2 - 160*v - 406. Give l(-47).
4905
Let r(y) = 2887*y + 903629. Give r(-313).
-2
Let u(q) = -11354*q + 544966. Give u(48).
-26
Let g(v) = 3*v**3 + 98*v**2 - 575*v + 27. Give g(5).
-23
Let d(p) = 177*p**2 + 31505*p + 57. Give d(-178).
235
Let k(f) = 742*f**3 - 14838*f**2 - 40*f + 7. What is k(20)?
7
Let z(j) = -2*j**3 - 23*j**2 - 113*j - 810. Give z(-10).
20
Let t(z) = -96*z + 1412. What is t(20)?
-508
Let z(s) = s**2 + 6274*s + 137550. Calculate z(-22).
6
Let m(g) = 12*g**2 + 273*g - 1005. Determine m(-24).
-645
Let a(d) = 3*d**2 + 663*d + 5178. Determine a(-8).
66
Let s(w) = 682*w - 611752. Calculate s(897).
2
Let p(r) = 71*r**2 + 1078*r + 4076. Determine p(-8).
-4
Let h(w) = -2*w**2 - 176*w - 1787. What is h(-76)?
37
Let x(q) = -q**3 + 18*q**2 + 32*q - 1116. Calculate x(22).
-2348
Let m(b) = 2*b**3 - 65*b**2 - 9*b - 2171. What is m(34)?
991
Let y(v) = -31*v - 6102. Determine y(-203).
191
Let u(o) = -o**3 - 19*o**2 - 191*o + 1549. Calculate u(5).
-6
Let c(a) = 2431*a**2 + 21843*a - 326. Determine c(-9).
-2
Let p(a) = -14628*a + 2852466. Give p(195).
6
Let h(u) = u**2 + 21500*u + 128971. Calculate h(-6).
7
Let t(f) = -3*f**2 + 534*f + 4854. Determine t(-9).
-195
Let b(g) = -322*g + 43722. What is b(136)?
-70
Let c(g) = 263*g**3 - 26*g**2 - 53*g - 23. Give c(-1).
-259
Let i(s) = 11*s**2 - 114*s - 236. Determine i(15).
529
Let b(l) = 3187*l - 25530. What is b(8)?
-34
Let k(a) = a**2 + 1106*a - 2308873. Give k(1064).
7
Let o(g) = -101*g - 3408. Determine o(-33).
-75
Let c(w) = w**3 + 27*w**2 + 87*w + 3231. Determine c(-28).
11
Let x(l) = 3*l**3 + 71*l**2 - 85*l + 369. Determine x(-25).
-6
Let p(k) = k**3 + 4*k**2 - 152*k + 128. Give p(9).
-187
Let w(m) = -8853*m - 123921. Determine w(-14).
21
Let s(j) = -110539*j + 3426710. Calculate s(31).
1
Let m(q) = -895*q + 5062. Calculate m(7).
-1203
Let h(o) = 132*o**2 - 23*o - 82. Determine h(-3).
1175
Let n(w) = -48*w**2 + 918*w + 3701. What is n(-4)?
-739
Let g(w) = 75527*w + 6570848. Calculate g(-87).
-1
Let h(b) = -b**2 + 485*b - 58684. Determine h(232).
12
Let f(b) = -44450*b + 133478. Give f(3).
128
Let j(z) = 4*z**3 - 612*z**2 - 1246*z + 940. Give j(155).
10
Let o(w) = -3*w**3 + 118*w**2 - 60*w + 825. Give o(39).
6
Let x(r) = -3459*r - 96852. What is x(-28)?
0
Let k(c) = -1924*c + 25056. Give k(13).
44
Let u(g) = -49*g**3 - 175*g**2 + 57*g - 104. Determine u(-4).
4
Let s(m) = 4*m**3 + 247*m**2 + 121*m - 3774. Determine s(-61).
8
Let k(h) = 19*h**3 - 1117*h**2 - 235*h - 52. Determine k(59).
7
Let w(j) = -19875*j + 1669379. What is w(84)?
-121
Let a(j) = 29110*j - 116441. What is a(4)?
-1
Let w(f) = -92496*f - 1294940. What is w(-14)?
4
Let w(t) = -16*t**2 - 496*t - 1103. What is w(-30)?
-623
Let j(m) = 37*m**2 - 553*m + 1807. Calculate j(10).
-23
Let b(j) = 8461*j**2 + 33842*j + 35. Give b(-4).
43
Let i(u) = -u**3 - 1944*u**2 + 3195*u + 13747414. What is i(-1942)?
-4
Let i(n) = -45247*n - 226807. Calculate i(-5).
-572
Let s(x) = -46*x**2 - 2950*x - 609. Calculate s(-64).
-225
Let o(p) = -36*p**2 - 1685*p - 38. Determine o(-47).
-367
Let h(j) = 1932*j + 268536. Determine h(-139).
-12
Let o(g) = 2*g**3 - 60*g**2 + 144*g + 84. Determine o(29).
2578
Let m(z) = -3032*z - 2270961. Give m(-749).
7
Let w(c) = 3*c**2 + 4443*c + 243473. What is w(-57)?
-31
Let p(a) = -1068*a**2 - 6461*a - 295. Give p(-6).
23
Let j(g) = -g**3 - 16*g**2 - 23*g - 233. Give j(-18).
829
Let a(b) = 8*b**3 + 517*b**2 + 318*b - 112. Determine a(-64).
16
Let h(g) = -g**3 - 51*g**2 + 1318*g + 70192. Determine h(-48).
16
Let j(u) = 4508*u + 76627. What is j(-17)?
-9
Let w(u) = 3*u**3 + 391*u**2 + 1264*u - 767. What is w(-127)?
-5
Let z(p) = -729*p - 34620. Give z(-49).
1101
Let o(b) = b**2 - 16*b - 867. Calculate o(0).
-867
Let p(r) = -6*r**2 + 393*r - 3732. Determine p(54).
-6
Let p(o) = 3933*o - 3781. What is p(1)?
152
Let m(g) = -g**3 + 93*g**2 - 15*g - 508. What is m(93)?
-1903
Let a(b) = -b**3 + 20*b**2 + 174*b - 3704. Give a(18).
76
Let f(o) = -o**3 - 61*o**2 - 384*o - 12299. What is f(-58)?
-119
Let v(w) = -6*w**2 - 32*w + 95. Give v(7).
-423
Let m(j) = 274*j + 908. Determine m(-3).
86
Let j(u) = -u**3 + 161*u**2 - 53*u + 4. Determine j(0).
4
Let w(h) = -h**3 + 99*h**2 - 2313*h + 963. Determine w(62).
-215
Let h(y) = 60*y**2 + 1382*y + 53. Determine h(-23).
7
Let p(n) = -n**3 + 112*n**2 - 237*n + 13902. Calculate p(111).
-84
Let c(h) = h**3 + 34*h**2 - 508*h - 2529. Calculate c(-4).
-17
Let d(s) = -14*s**2 + 611*s + 164. Give d(44).
-56
Let g(i) = 102*i**3 - 22746*i**2 + 6*i - 1337. What is g(223)?
1
Let c(l) = -118*l**2 + 29819*l + 183169. Determine c(-6).
7
Let m(z) = -103*z**2 - 7931*z + 152. Give m(-77).
152
Let m(i) = 2*i**3 - 4*i**2 + 10*i + 161. Calculate m(-4).
-71
Let t(v) = -33109*v + 960390. Calculate t(29).
229
Let h(z) = -151*z + 1963. Determine h(12).
151
Let w(g) = 1409*g**2 - 64816*g + 69. Calculate w(46).
-23
Let m(u) = 2*u**3 - 165*u**2 - 64*u - 100. Calculate m(83).
1477
Let i(z) = -33*z**3 - 10*z**2 + 63*z + 378. Determine i(-6).
6768
Let b(l) = l**3 + l**2 + 3926*l - 7865. Determine b(2).
-1
Let s(z) = 28*z**2 + 1237*z + 2352. What is s(-2)?
-10
Let z(k) = -53*k**3 + 15*k**2 + 11*k - 7. Calculate z(-3).
1526
Let v(n) = -n**2 + 222*n - 7917. Calculate v(58).
1595
Let c(f) = 11*f**2 + 422*f + 196. Determine c(-39).
469
Let l(b) = 2841*b**3 + 15*b**2 + 15*b. What is l(-1)?
-2841
Let a(o) = -3*o**3 + 11*o**2 + 6741*o - 13518. What is a(2)?
-16
Let n(u) = -586*u + 4699. Give n(8).
11
Let w(q) = -2*q**3 - 244*q**2 + 155*q - 11517. Give w(-123).
-324
Let j(l) = -14228*l + 71176. Determine j(5).
36
Let v(x) = -29*x**2 - 10476*x - 71918. Determine v(-7).
-7
Let a(p) = p**3 - 108*p**2 + 2145*p + 14. What is a(82)?
1080
Let s(j) = 620*j + 188625. Calculate s(-305).
-475
Let x(p) = 3*p**2 - 778*p - 8836. What is x(-11)?
85
Let y(m) = m**2 - 4593*m + 675018. Determine y(152).
-14
Let y(p) = -1323*p - 88643. Determine y(-67).
-2
Let b(t) = -t**3 - 276*t**2 - 1085*t + 15. Calculate b(-4).
3
Let j(p) = 116308*p - 1279390. Give j(11).
-2
Let q(x) = -9658*x - 86944. Give q(-9).
-22
Let o(b) = 153*b - 26518. Determine o(172).
-202
Let g(y) = -103*y + 2552. Calculate g(25).
-23
Let z(b) = -16*b**2 - 94*b - 2202. Give z(-16).
-4794
Let w(z) = -z**3 + 768*z**2 - 65084*z - 2020. What is w(671)?
-7
Let x(p) = 138*p + 13518. Determine x(-111).
-1800
Let g(r) = -r**3 + 465*r**2 - 19165*r - 45664. What is g(419)?
7
Let d(n) = -22420*n + 134529. Calculate d(6).
9
Let x(l) = 2*l**3 + 129*l**2 + 184*l - 239. Calculate x(-63).
76
Let q(z) = -z**3 + 35*z**2 - 468*z + 2758. What is q(17)?
4
Let r(z) = 8518*z + 51107. Calculate r(-6).
-1
Let i(a) = -2*a**2 - 46924*a + 939345. Give i(20).
65
Let o(s) = -3691*s**2 - 25846*s - 55. Give o(-7).
8
Let a(f) = f**3 - 9*f**2 - 323*f - 192. Determine a(19).
-2719
Let h(z) = -35115*z + 1790866. Determine h(51).
1
Let c(i) = -3695610*i + 22173678. Give c(6).
18
Let n(w) = -30*w**2 + 1328*w - 2916. Give n(42).
-60
Let u(z) = -3*z**2 - 357*z - 2717. What is u(-8)?
-53
Let g(l) = -l**3 - 2*l**2 - 66*l + 1475. What is g(9)?
-10
Let c(w) = w**2 - 94029*w + 1504204. Calculate c(16).
-4
Let r(b) = 7243*b + 181112. Give r(-25).
37
Let l(v) = 2701*v + 126924. Calculate l(-47).
-23
Let y(n) = -43362*n + 737159. Determine y(17).
5
Let y(p) = 257*p**3 - p**2 + 55*p + 56. Determine y(-1).
-257
Let m(q) = -q**2 + 247*q - 12523. Calculate m(98).
2079
Let o(p) = -p**3 - 153*p**2 + 2*p - 2392. Determine o(0).
-2392
Let u(r) = 2*r**2 + 1017*r - 47412. Calculate u(43).
17
Let r(v) = 2*v**3 - 40*v**2 - 850*v + 34. Determine r(33).
298
Let y(k) = 123*k - 366. What is y(2)?
-120
Let m(a) = 19*a**2 - 305*a - 46203. Give m(58).
23
Let r(s) = -2*s**2 - 260*s + 926. What is r(-133)?
128
Let k(z) = -17*z**2 + 823*z + 229. Calculate k(48).
565
Let g(n) = -2*n**3 + 179*n**2 - 220*n + 3002. Calculate g(88).
6874
Let g(h) = 63478*h - 761700. What is g(12)?
36
Let f(v) = -156*v + 25268. Calculate f(162).
-4
Let a(g) = 12233*g + 24604. What is a(-2)?
138
Let d(z) = 3242*z**2 - 152375*z + 91. Give d(47).
44
Let u(a) = 9*a**2 